8876744?
4
What is the thousands digit of 10822392?
2
What is the units digit of 35890597?
7
What is the thousands digit of 146286780?
6
What is the hundred millions digit of 122746970?
1
What is the ten thousands digit of 151259835?
5
What is the hundreds digit of 373547488?
4
What is the tens digit of 41799609?
0
What is the units digit of 265141903?
3
What is the hundred thousands digit of 89152100?
1
What is the millions digit of 1343981616?
3
What is the units digit of 175188123?
3
What is the thousands digit of 18699942?
9
What is the hundred thousands digit of 38962385?
9
What is the units digit of 74956680?
0
What is the thousands digit of 28046666?
6
What is the millions digit of 4532528023?
2
What is the tens digit of 980460564?
6
What is the millions digit of 4367475223?
7
What is the units digit of 761380499?
9
What is the ten thousands digit of 1899246?
9
What is the ten thousands digit of 470773433?
7
What is the units digit of 563892658?
8
What is the thousands digit of 137988537?
8
What is the millions digit of 4416632953?
6
What is the millions digit of 1651413390?
1
What is the ten millions digit of 954695452?
5
What is the ten thousands digit of 289665777?
6
What is the hundred thousands digit of 688402512?
4
What is the hundreds digit of 1423455000?
0
What is the billions digit of 1096445977?
1
What is the hundreds digit of 2732189081?
0
What is the hundred millions digit of 206103166?
2
What is the hundred thousands digit of 59382830?
3
What is the ten millions digit of 2268720126?
6
What is the tens digit of 536607152?
5
What is the ten millions digit of 3013268947?
1
What is the hundred thousands digit of 219709161?
7
What is the hundred millions digit of 503352130?
5
What is the units digit of 40589039?
9
What is the ten thousands digit of 72343022?
4
What is the tens digit of 24917324?
2
What is the hundred thousands digit of 9898904?
8
What is the billions digit of 5869080467?
5
What is the units digit of 460360843?
3
What is the thousands digit of 248767684?
7
What is the thousands digit of 99259338?
9
What is the thousands digit of 6442686763?
6
What is the units digit of 46012766?
6
What is the ten thousands digit of 23811375?
1
What is the units digit of 178838238?
8
What is the ten thousands digit of 32226744?
2
What is the units digit of 40436251?
1
What is the thousands digit of 140600706?
0
What is the units digit of 344309344?
4
What is the ten millions digit of 76105944?
7
What is the ten thousands digit of 54692293?
9
What is the hundreds digit of 576429817?
8
What is the ten thousands digit of 9938001?
3
What is the tens digit of 3307680217?
1
What is the millions digit of 59056912?
9
What is the millions digit of 34662441?
4
What is the hundred millions digit of 280915567?
2
What is the millions digit of 23754757?
3
What is the hundreds digit of 945131776?
7
What is the hundred millions digit of 2487983597?
4
What is the tens digit of 648086644?
4
What is the hundreds digit of 57181?
1
What is the hundred millions digit of 128701967?
1
What is the tens digit of 23146542?
4
What is the hundred millions digit of 109505536?
1
What is the tens digit of 3415964121?
2
What is the hundred thousands digit of 593803530?
8
What is the hundreds digit of 15147711?
7
What is the hundred millions digit of 220233365?
2
What is the tens digit of 188422547?
4
What is the units digit of 14361357?
7
What is the hundreds digit of 1058233853?
8
What is the tens digit of 48645756?
5
What is the ten thousands digit of 75072362?
7
What is the ten thousands digit of 256070506?
7
What is the tens digit of 8592583996?
9
What is the ten millions digit of 107226514?
0
What is the ten millions digit of 12143077?
1
What is the tens digit of 511081819?
1
What is the ten thousands digit of 59714415?
1
What is the hundred millions digit of 520840701?
5
What is the hundreds digit of 9542314?
3
What is the thousands digit of 357041423?
1
What is the hundred thousands digit of 8479396?
4
What is the tens digit of 22106466?
6
What is the ten thousands digit of 2001091293?
9
What is the tens digit of 54705775?
7
What is the millions digit of 4315889408?
5
What is the thousands digit of 5359296283?
6
What is the units digit of 2483379666?
6
What is the hundred thousands digit of 7167045?
1
What is the billions digit of 1101563294?
1
What is the tens digit of 3008861590?
9
What is the ten thousands digit of 25744794?
4
What is the ten thousands digit of 407977932?
7
What is the ten millions digit of 60571867?
6
What is the ten thousands digit of 39669591?
6
What is the tens digit of 136090158?
5
What is the ten thousands digit of 2552745413?
4
What is the hundred millions digit of 3150126153?
1
What is the tens digit of 3166236958?
5
What is the ten millions digit of 810297835?
1
What is the ten thousands digit of 82291330?
9
What is the hundreds digit of 2010465392?
3
What is the units digit of 698715152?
2
What is the thousands digit of 62837481?
7
What is the hundred thousands digit of 645393098?
3
What is the millions digit of 909291940?
9
What is the tens digit of 1429193211?
1
What is the hundred thousands digit of 1120106120?
1
What is the hundred thousands digit of 12818737?
8
What is the hundred millions digit of 177593607?
1
What is the ten millions digit of 1861397193?
6
What is the tens digit of 54356300?
0
What is the ten thousands digit of 20834871?
3
What is the hundred thousands digit of 11811804?
8
What is the tens digit of 2065798217?
1
What is the hundreds digit of 1462739244?
2
What is the ten millions digit of 927784722?
2
What is the millions digit of 2470742725?
0
What is the hundreds digit of 6895497245?
2
What is the hundred millions digit of 1142418872?
1
What is the ten millions digit of 31489090?
3
What is the millions digit of 87333342?
7
What is the ten millions digit of 859224690?
5
What is the billions digit of 5062594171?
5
What is the millions digit of 42778999?
2
What is the ten millions digit of 27261716?
2
What is the hundreds digit of 2999685309?
3
What is the hundred millions digit of 450351212?
4
What is the ten thousands digit of 10439827?
3
What is the ten millions digit of 104545427?
0
What is the ten millions digit of 73205461?
7
What is the ten thousands digit of 224778391?
7
What is the tens digit of 2489304652?
5
What is the units digit of 25106701?
1
What is the hundreds digit of 5525778?
7
What is the units digit of 17855478?
8
What is the ten thousands digit of 63335443?
3
What is the ten thousands digit of 1889733817?
3
What is the hundreds digit of 3549147840?
8
What is the hundreds digit of 573866?
8
What is the ten thousands digit of 239539118?
3
What is the hundred thousands digit of 357622274?
6
What is the units digit of 809515016?
6
What is the hundreds digit of 62665629?
6
What is the units digit of 180171224?
4
What is the millions digit of 30001621?
0
What is the billions digit of 1255525323?
1
What is the thousands digit of 225672260?
2
What is the ten thousands digit of 166489782?
8
What is the ten millions digit of 73173792?
7
What is the thousands digit of 213226281?
6
What is the hundred thousands digit of 69729500?
7
What is the ten millions digit of 1611017560?
1
What is the millions digit of 66831587?
6
What is the thousands digit of 1154765038?
5
What is the millions digit of 437360270?
7
What is the thousands digit of 2344375412?
5
What is the billions digit of 1916703289?
1
What is the units digit of 993215918?
8
What is the tens digit of 951634426?
2
What is the thousands digit of 219815564?
5
What is the billions digit of 1152146188?
1
What is the tens digit of 212421636?
3
What is the hundreds digit of 142390093?
0
What is the hundred thousands digit of 94958527?
9
What is the tens digit of 149912376?
7
What is the hundred thousands digit of 63401162?
4
What is the billions digit of 2739214437?
2
What is the ten thousands digit of 82441733?
4
What is the units digit of 492380526?
6
What is the tens digit of 923246079?
7
What is the hundred thousands digit of 14260416?
2
What is the ten thousands digit of 32083770?
8
What is the hundred millions digit of 618613102?
6
What is the thousands digit of 140244445?
4
What is the tens digit of 2827766015?
1
What is the ten mi